7620.
2, 3, 5, 131, 5639
What are the prime factors of 177658038?
2, 3, 137, 72043
List the prime factors of 55625446.
2, 27812723
List the prime factors of 32749734.
2, 3, 41, 67, 1987
List the prime factors of 26874077.
26874077
List the prime factors of 1054722530.
2, 5, 105472253
What are the prime factors of 3864228?
2, 3, 61, 5279
List the prime factors of 64928084.
2, 13, 59, 21163
List the prime factors of 293078385.
3, 5, 17, 127703
What are the prime factors of 253472942?
2, 107, 1184453
What are the prime factors of 95323902?
2, 3, 15887317
What are the prime factors of 1660088256?
2, 3, 8646293
List the prime factors of 78220154.
2, 39110077
List the prime factors of 1643387462.
2, 1231, 667501
List the prime factors of 309295825.
5, 719, 17207
List the prime factors of 3836720657.
7, 11, 49827541
List the prime factors of 27772628.
2, 13, 17, 89, 353
What are the prime factors of 15773200?
2, 5, 47, 839
What are the prime factors of 28900547?
13, 2223119
List the prime factors of 83199983.
53, 1569811
What are the prime factors of 800497369?
7, 1187, 13763
List the prime factors of 723334423.
7, 37, 41, 263
List the prime factors of 12535094.
2, 11, 13, 41, 1069
List the prime factors of 1633809981.
3, 19, 79, 157, 2311
List the prime factors of 180427023.
3, 7, 2863921
What are the prime factors of 432888522?
2, 3, 11, 6558917
List the prime factors of 137607472.
2, 8600467
List the prime factors of 159274022.
2, 193, 412627
What are the prime factors of 52461384?
2, 3, 59, 37049
What are the prime factors of 116491156?
2, 1861, 15649
What are the prime factors of 40098944?
2, 313273
What are the prime factors of 2903248481?
7, 59249969
What are the prime factors of 4768485438?
2, 3, 2377, 334349
What are the prime factors of 29057510?
2, 5, 23, 126337
List the prime factors of 461270796.
2, 3, 7, 23, 257, 929
What are the prime factors of 1622674322?
2, 811337161
What are the prime factors of 41104862?
2, 547, 37573
List the prime factors of 3783392962.
2, 1891696481
List the prime factors of 1713979245.
3, 5, 11, 10387753
What are the prime factors of 2939220589?
2939220589
What are the prime factors of 98662944?
2, 3, 1027739
List the prime factors of 77521835.
5, 15504367
What are the prime factors of 151686809?
61, 2486669
List the prime factors of 57547831.
11, 631, 8291
What are the prime factors of 6389857255?
5, 661, 719, 2689
What are the prime factors of 1177708684?
2, 607, 485053
List the prime factors of 1600635231.
3, 13, 13680643
What are the prime factors of 183746781?
3, 20416309
What are the prime factors of 81799839?
3, 11, 79, 10459
List the prime factors of 2349967454.
2, 23, 103, 495983
What are the prime factors of 141611948?
2, 35402987
What are the prime factors of 7049860650?
2, 3, 5, 7, 746017
What are the prime factors of 822940660?
2, 5, 2089, 19697
List the prime factors of 704108855.
5, 2027, 69473
List the prime factors of 316660495.
5, 73, 867563
List the prime factors of 3324581035.
5, 71, 9365017
What are the prime factors of 452493905?
5, 37, 107, 22859
What are the prime factors of 385855316?
2, 7, 11, 1252777
List the prime factors of 152001465.
3, 5, 7, 11, 101, 1303
What are the prime factors of 362031607?
7, 251, 206051
List the prime factors of 48633889.
17, 2860817
List the prime factors of 4036879763.
7, 19843, 29063
List the prime factors of 929997902.
2, 19, 71, 83, 4153
What are the prime factors of 200818483?
727, 276229
List the prime factors of 3976170.
2, 3, 5, 11, 12049
List the prime factors of 56371182.
2, 3, 7, 211, 6361
What are the prime factors of 1139350076?
2, 283, 1006493
What are the prime factors of 235228999?
53, 4438283
What are the prime factors of 495543416?
2, 29, 653, 3271
List the prime factors of 506104606.
2, 7, 311, 116239
List the prime factors of 6124167287.
7, 137, 6385993
List the prime factors of 622040104.
2, 7, 226691
List the prime factors of 59025596.
2, 7, 401, 751
List the prime factors of 104776385.
5, 7, 23, 5659
List the prime factors of 1870469924.
2, 89, 457, 11497
List the prime factors of 925277156.
2, 17, 47, 289511
What are the prime factors of 967249983?
3, 7, 41, 1123403
List the prime factors of 578629827.
3, 4799, 13397
What are the prime factors of 3532690?
2, 5, 7, 109, 463
List the prime factors of 599220871.
487, 1230433
What are the prime factors of 4763100706?
2, 7, 13, 79, 331277
List the prime factors of 2686645.
5, 13, 41333
What are the prime factors of 79367927?
79367927
What are the prime factors of 1911051118?
2, 955525559
List the prime factors of 59119310.
2, 5, 5911931
List the prime factors of 332402322.
2, 3, 7, 7914341
List the prime factors of 93635058.
2, 3, 11, 107, 13259
What are the prime factors of 233132388?
2, 3, 19427699
List the prime factors of 1448992378.
2, 251, 1249, 2311
List the prime factors of 174902779.
2203, 79393
What are the prime factors of 302015077?
7, 13, 29, 16349
What are the prime factors of 96110763?
3, 7, 67, 83, 823
What are the prime factors of 48608511?
3, 7, 2314691
What are the prime factors of 130927624?
2, 251, 65203
What are the prime factors of 43326959?
13, 3332843
What are the prime factors of 1190029146?
2, 3, 89, 2228519
List the prime factors of 747379907.
487, 1534661
List the prime factors of 5916106.
2, 7, 19, 23, 967
List the prime factors of 1934388933.
3, 31, 263, 79087
List the prime factors of 5121141356.
2, 1280285339
List the prime factors of 103935864.
2, 3, 4330661
List the prime factors of 16707951.
3, 13, 41, 43
What are the prime factors of 581839915?
5, 116367983
List the prime factors of 1968650691.
3, 7, 31, 79, 101, 379
List the prime factors of 5312151321.
3, 173, 10235359
What are the prime factors of 42388303?
3511, 12073
What are the prime factors of 551373028?
2, 6317, 21821
What are the prime factors of 4348426001?
4348426001
List the prime factors of 1011205343.
8467, 119429
What are the prime factors of 501763976?
2, 7, 17, 527063
List the prime factors of 6590488177.
7, 13, 29, 757, 3299
What are the prime factors of 35534640?
2, 3, 5, 148061
What are the prime factors of 7562933685?
3, 5, 56021731
List the prime factors of 2094981835.
5, 83, 5048149
What are the prime factors of 554252418?
2, 3, 30791801
What are the prime factors of 1250056621?
11, 263, 432097
List the prime factors of 1429719051.
3, 89, 1229, 4357
What are the prime factors of 484811981?
647, 749323
List the prime factors of 83815820.
2, 5, 11, 331, 1151
List the prime factors of 1651482959.
7, 3623, 65119
List the prime factors of 590136924.
2, 3, 13, 3782929
What are the prime factors of 1549362630?
2, 3, 5, 51645421
What are the prime factors of 50645640?
2, 3, 5, 19, 97, 229
What are the prime factors of 282361042?
2, 1933, 73037
What are the prime factors of 165741659?
2731, 60689
List the prime factors of 21331671.
3, 1249, 5693
What are the prime factors of 97950879?
3, 13, 64399
List the prime factors of 128747215.
5, 23, 107, 10463
What are the prime factors of 51501290?
2, 5, 5150129
What are the prime factors of 679490847?
3, 7, 10785569
What are the prime factors of 2344507991?
7, 271, 937, 1319
List the prime factors of 7096879.
7096879
List the prime factors of 1799851343.
1799851343
What are the prime factors of 28274155?
5, 7, 13, 62141
List the prime factors of 1333394899.
257, 659, 7873
List the prime factors of 158320998.
2, 3, 11, 157, 463
What are the prime factors of 1527726272?
2, 53, 450391
List the prime factors of 6610156882.
2, 7, 1559, 302857
What are the prime factors of 14684094?
2, 3, 353, 2311
What are the prime factors of 83629625?
5, 43, 15559
List the prime factors of 116404344.
2, 3, 7, 167, 461
What are the prime factors of 2034270624?
2, 3, 21190319
List the prime factors of 537584648.
2, 311, 216071
What are the prime factors of 569640314?
2, 31, 617, 14891
List the prime factors of 3055500305.
5, 11, 13, 4273427
List the prime factors of 166070594.
2, 163, 317, 1607
What are the prime factors of 248642654?
2, 13, 191, 50069
What are the prime factors of 71188988?
2, 13, 1369019
List the prime factors of 53264845.
5, 283, 37643
What are the prime factors of 1040777913?
3, 7, 61, 812473
What are the prime factors of 213661856?
2, 14